?
21011000111
Convert -1387458 (base 12) to base 5.
-2000123413
What is -11233011210 (base 4) in base 3?
-2211101112110
Convert -54337 (base 10) to base 11.
-37908
What is 3044420412 (base 5) in base 7?
104052264
-413d0 (base 15) to base 12
-9b789
Convert 79334 (base 11) to base 3.
12211120022
29eee (base 15) to base 16
20f57
Convert 120479 (base 14) to base 16.
9647b
What is 1187408 (base 9) in base 6?
21521525
110122222012000 (base 3) to base 14
c72db2
What is -396357 (base 14) in base 5?
-1001220340
What is -276 (base 8) in base 4?
-2332
What is 2581414 (base 10) in base 12?
a45a5a
Convert 100111011110101000100111 (base 2) to base 16.
9dea27
Convert 201333 (base 8) to base 16.
102db
What is -214503123 (base 6) in base 14?
-72893d
Convert 3234330440 (base 5) to base 3.
111002001001120
Convert -1adea4 (base 16) to base 5.
-422322212
-22a1587 (base 13) to base 5
-10213404332
Convert -79735 (base 14) to base 6.
-10153511
Convert 20663 (base 16) to base 10.
132707
-10101001110010011111011 (base 2) to base 5
-2411014033
What is 10011011101011001 (base 2) in base 15?
1893a
What is -24301a4 (base 12) in base 8?
-32642014
-1020001200 (base 3) to base 15
-721c
Convert -3465262 (base 7) to base 16.
-6a8d6
13c25c (base 13) to base 3
220120120212
51214045 (base 6) to base 10
1464077
Convert -2112001012222 (base 3) to base 4.
-11012333012
What is -2a873 (base 16) in base 6?
-3422243
6aa89 (base 12) to base 3
21021111020
Convert -1010221021200 (base 3) to base 6.
-21015030
Convert -188735 (base 9) to base 4.
-130303100
2534252 (base 11) to base 5
2111213143
Convert 2370a (base 11) to base 3.
1201211011
-14423353 (base 6) to base 13
-14709c
What is 11021211222 (base 3) in base 16?
149e7
What is -314503 (base 12) in base 13?
-211902
-12100122101221 (base 3) to base 14
-5417a0
Convert -e256 (base 15) to base 10.
-47781
Convert 2112624 (base 7) to base 13.
8c3b2
What is -3274326 (base 8) in base 2?
-11010111100011010110
661334 (base 13) to base 12
979b7b
What is 639488 (base 16) in base 3?
110021120002222
Convert -100467516 (base 8) to base 12.
-5809466
What is -2d0be8 (base 15) in base 9?
-4081722
2204583 (base 9) to base 10
1184376
Convert 161032 (base 9) to base 8.
301545
What is 3264213 (base 9) in base 13?
4959b7
-110200010002 (base 3) to base 10
-249401
Convert -1103132 (base 4) to base 14.
-1d38
What is -130255 (base 6) in base 7?
-46214
-34130070 (base 8) to base 2
-11100001011000000111000
-1014a0 (base 11) to base 15
-33451
14026602 (base 9) to base 6
404244045
-c3a1b0 (base 14) to base 4
-121022210332
What is 225399 (base 10) in base 5?
24203044
Convert -27c82 (base 16) to base 11.
-101473
What is -267157 (base 10) in base 8?
-1011625
-70656 (base 11) to base 4
-121031222
-1071c02 (base 16) to base 2
-1000001110001110000000010
Convert -11611110 (base 7) to base 16.
-ff162
Convert 19cbb (base 14) to base 16.
1005d
What is -2710553 (base 10) in base 14?
-507b4d
-98180 (base 15) to base 8
-1657232
What is 324444412 (base 5) in base 4?
11113110120
Convert 46516 (base 16) to base 10.
288022
Convert 152222132 (base 6) to base 9.
6003502
Convert 323ab1 (base 16) to base 3.
20012020112110
What is 3374020 (base 8) in base 9?
1644711
What is -416536 (base 7) in base 9?
-118634
Convert -43428 (base 10) to base 14.
-11b80
What is -51611044 (base 7) in base 8?
-20432446
Convert 2012311230 (base 4) to base 14.
1053c0
Convert -111120011113 (base 4) to base 14.
-a5c223
101042335 (base 7) to base 12
1b82301
What is 313030041 (base 5) in base 2?
100111101000101010011
Convert 2112122120 (base 3) to base 5.
3100141
What is -10957 (base 12) in base 14?
-80a7
What is -43021 (base 9) in base 15?
-866a
Convert -420300032 (base 5) to base 9.
-3223507
-1022111202121 (base 3) to base 7
-5640502
Convert 1100021200122 (base 3) to base 4.
2232113102
What is 764183 (base 10) in base 4?
2322210113
What is -13c5817 (base 13) in base 3?
-102211212011221
What is -31421515 (base 6) in base 8?
-3405767
What is -150504 (base 11) in base 6?
-5011201
Convert 1493949 (base 11) to base 8.
11571535
What is 2021104 (base 6) in base 14?
27088
1280c (base 13) to base 9
52062
525433 (base 7) to base 10
90772
-1e34b (base 15) to base 10
-98621
2732177 (base 8) to base 16
bb47f
104323216 (base 7) to base 3
102211122200011
1142351 (base 7) to base 8
433041
What is -aa644 (base 12) in base 3?
-102110101221
What is -1220202122 (base 3) in base 9?
-56678
What is -111001011000001111001110 (base 2) in base 5?
-12322311421
Convert 1107435 (base 8) to base 12.
124aa5
Convert 812516 (base 9) to base 14.
c7331
1fd5e2 (base 16) to base 2
111111101010111100010
364385 (base 14) to base 9
3437422
What is 6000173 (base 8) in base 12?
63a363
25567 (base 11) to base 9
55203
Convert -110010011001100001000 (base 2) to base 12.
-677860
-110224500 (base 7) to base 13
-14b1022
Convert 112d6c (base 14) to base 7.
4652465
Convert 27406726 (base 8) to base 10.
6163926
-158701 (base 9) to base 4
-113333032
Convert 1000111001101101101110 (base 2) to base 14.
44a5c2
Convert -23013252 (base 6) to base 15.
-dce78
Convert -11121212111 (base 3) to base 6.
-1541234
Convert -57995 (base 15) to base 16.
-44183
Convert 55a05 (base 11) to base 16.
13cb3
10130234 (base 6) to base 16
4736e
62a4b (base 12) to base 11
89220
Convert 13412041 (base 5) to base 13.
4acbb
What is -460675 (base 11) in base 5?
-141422413
723723 (base 11) to base 9
2160250
11222122001021 (base 3) to base 15
375284
Convert -110324412 (base 6) to base 11.
-1137529
What is -49328 (base 14) in base 4?
-223230220
-175692 (base 13) to base 6
-20300350
What is -21625226 (base 8) in base 5?
-2143221313
What is -122450013 (base 6) in base 4?
-21002231121
What is -101514125 (base 6) in base 16?
-1af7c5
What is -2154862 (base 10) in base 13?
-5a5a88
What is -20142513 (base 10) in base 11?
-10408406
What is -311316 (base 9) in base 6?
-3543023
-600020 (base 7) to base 12
-4a448
Convert -677526 (base 8) to base 2.
-110111111101010110
-6123152 (base 9) to base 15
-446cc2
Convert -2122110120111 (base 3) to base 11.
-880931
100111002111 (base 3) to base 5
21433231
Convert 1000213020 (base 4) to base 12.
1091a0
-cb927 (base 13) to base 15
-74288
2124343 (base 7) to base 2
111111000110011001
What is 151556 (base 9) in base 8?
265557
-15b859 (base 14) to base 6
-24154315
2043954 (base 13) to base 6
545311243
1544632 (base 7) to base 12
a3301
-4450222 (base 6) to base 13
-7b125
What is -62613 (base 11) in base 15?
-1c083
2772730 (base 9) to base 6
52400300
Convert -15dda9 (base 15) to base 5.
-232400314
Convert 76583 (base 10) to base 2.
10010101100100111
Convert 31501222 (base 6) to base 7.
10603451
Convert -a5a3b (base 13) to base 14.
-7aa19
What is 1011011121 (base 3) in base 6?
253111
What is 32020302 (base 4) in base 13?
20484
What is -20102120000 (base 3) in base 15?
-2774c
2462224 (base 11) to base 5
2043344402
What is 110010111001000 (base 2) in base 4?
12113020
Convert -6d9d85 (base 14) to base 10.
-3753713
56020422 (base 7) to base 8
22326717
Convert -4267045 (base 9) to base 16.
-22eaf4
Convert 79a85 (base 11) to base 12.
56bb5
What is 560684b (base 12) in base 8?
76542473
Convert 4105314 (base 6) to base 2.
101111110000001110
What is -3d71 (base 16) in base 13?
-720c
79553 (base 12) to base 11
100367
Convert 4632641 (base 9) to base 2.
1001100010110001011010
What is -21100110221 (base 3) in base 11?
-99788
Convert -a740 (base 14) to base 10.
-28868
-63176 (base 11) to base 16
-1678b
What is 663411 (base 8) in base 14?
5b397
-24ce4 (base 15) to base 12
-58114
-2324232 (base 8) to base 2
-10011010100010011010
Convert 396201 (base 13) to base 14.
280773
Convert 329ac2 (base 14) to base 6.
100445402
Convert 26891 (base 13) to base 16.
1185e
What is 205124 (base 7) in base 2?
1000101001000100
Convert 2b39441 (base 12) to base 5.
4222200010
Convert -20121112221002 (base 3) to base 6.
-203154345
What is 11101101001011110110 (base 2) in base 6?
32453422
Convert 7744 (base 15) to base 11.
17a88
-1011221232 (base 4) to base 15
-597e9
Convert 2d3b7 (base 15) to base 8.
435064
Convert -d70ca (base 15) to base 5.
-133310230
-ac9266 (base 16) to base 3
-210021120221200
-150415002 (base 6) to base 7
-35313104
Convert -102013203301 (base 4) to base 12.
-1710701
What is -513d0 (bas